{"id":2382,"date":"2021-02-02T12:55:40","date_gmt":"2021-02-02T11:55:40","guid":{"rendered":"http:\/\/www.lamamaumbria.org\/?page_id=2382"},"modified":"2021-02-02T12:55:41","modified_gmt":"2021-02-02T11:55:41","slug":"oleanna-di-david-mamet","status":"publish","type":"page","link":"http:\/\/www.lamamaumbria.org\/?page_id=2382","title":{"rendered":"Oleanna di David Mamet"},"content":{"rendered":"\n<h5 class=\"wp-block-heading\"><strong><em>SALA FRAU\u00a0 \u00a0\u2013\u00a0Mercoled\u00ec 3 Luglio h. 22.00<br>\u00a0 \u00a0 \u00a0 \u00a0 \u00a0 \u00a0 \u00a0 \u00a0 \u00a0 \u00a0 \u00a0 \u00a0 \u2013 Gioved\u00ec 4 Luglio h. 18.00<\/em><\/strong><\/h5>\n\n\n\n<figure class=\"wp-block-image size-large\"><a href=\"http:\/\/www.lamamaumbria.org\/wp-content\/uploads\/2021\/02\/oleannacc-1024x544-1.jpg\"><img loading=\"lazy\" decoding=\"async\" width=\"1024\" height=\"544\" src=\"http:\/\/www.lamamaumbria.org\/wp-content\/uploads\/2021\/02\/oleannacc-1024x544-1.jpg\" alt=\"\" class=\"wp-image-2383\" srcset=\"http:\/\/www.lamamaumbria.org\/wp-content\/uploads\/2021\/02\/oleannacc-1024x544-1.jpg 1024w, http:\/\/www.lamamaumbria.org\/wp-content\/uploads\/2021\/02\/oleannacc-1024x544-1-300x159.jpg 300w, http:\/\/www.lamamaumbria.org\/wp-content\/uploads\/2021\/02\/oleannacc-1024x544-1-768x408.jpg 768w, http:\/\/www.lamamaumbria.org\/wp-content\/uploads\/2021\/02\/oleannacc-1024x544-1-150x80.jpg 150w, http:\/\/www.lamamaumbria.org\/wp-content\/uploads\/2021\/02\/oleannacc-1024x544-1-250x133.jpg 250w\" sizes=\"(max-width: 1024px) 100vw, 1024px\" \/><\/a><\/figure>\n\n\n\n<p>Cast: &nbsp;&nbsp;<strong>Francesco \u201cBolo\u201d Rossini, &nbsp;&nbsp;Elisa Menchicchi<br><\/strong>Regia:&nbsp;<strong>Emiliano Bronzino<\/strong><br>Assistente alla regia e organizzazione:&nbsp;<strong>Samuele Chiovoloni<\/strong><\/p>\n\n\n\n<p>Dal dizionario TRECCANI:&nbsp;<strong>Pot\u00e9re&nbsp;<\/strong><em>Capacit\u00e0, possibilit\u00e0 oggettiva di agire, di fare qualcosa; b. Con senso pi\u00f9 affine a potenza; c. Virt\u00f9, dote particolare; d. Capacit\u00e0 di influire sul comportamento altrui, di influenzarne le opinioni, le decisioni, le azioni, i pensieri; capacit\u00e0 di attrarre, di legare a s\u00e9, di mettere in uno stato di soggezione psicologica, spec. nell\u2019ambito di una relazione amorosa; e. Dominio, bal\u00eca, possesso<\/em><\/p>\n\n\n\n<p>Nel 1992 David Mamet, durante il caso di Anita Hill che accus\u00f2 il giudice Clarence Thomas di molestie, scrive per il teatro \u201cOleanna\u201d. John, \u00e8 un brillante professore universitario che riceve nel suo studio Carol, una studentessa scontenta, convinta della propria stupidit\u00e0. L\u2019insegnante cerca di essere comprensivo, di aiutarla; preso da problemi personali finisce col fare qualche affermazione potenzialmente ambigua. Una conversazione \u201cnormale\u201d si trasforma in una vera e propria accusa: maschilismo, razzismo, molestie sessuali. Il professore, impotente, assiste al ribaltamento del proprio status, allo stravolgimento delle proprie certezze.<\/p>\n\n\n\n<p>Un\u2019allieva e un professore all\u2019interno di un sistema dell\u2019istruzione (in inglese \u201cEDUCATION\u201d) che promuove, blocca, premia, fa indietreggiare, spinge, giudica, istruisce, zittisce, etichetta. Un testo che inchioda. dove le due parti si scambiano e si invertono. Dove i due scendono e salgono nelle loro posizioni pi\u00f9 o meno consapevolmente. Grazie a un uso magistrale della parola, della bugia o del semplice vissuto personale Mamet taglia in due un\u2019analisi della dinamica del potere, del controllo. Pi\u00f9 in generale sviscera il concetto di verit\u00e0, di vicende presunte accadute un\u2019aula scolastica bloccandoci all\u2019interno di un ring di pugilato dove le due voci sono in un apparente perfetto equilibrio. Attraverso un \u201cbanale\u201d episodio che tocca due generazioni, due ruoli, i due sessi. Pi\u00f9 attuale che mai oggi questo testo, durante nuovi \u201ccasi\u201d di \u201csexual harassment\u201d, di violenza, di mobbing che fanno il giro del mondo in tutte le sfere della societ\u00e0.<\/p>\n\n\n\n<p>NOTE DI REGIA &nbsp;<br>Colpisce come a distanza di venticinque anni le tematiche affrontate da David Mamet in \u201cOleanna\u201d siano di una attualit\u00e0 allarmante: il problema etico del formatore nei confronti dell\u2019allievo, e quello complesso delle varie forme di molestie e ricatto che ne derivano, sessuali, sessiste e di mobbing. Mamet non giudica il comportamento dei suoi personaggi, che semplicemente si adattano alla situazione in cui sono, evitando qualsiasi riflessione morale.<\/p>\n\n\n\n<p>Il dialogo, sincopato e continuamente interrotto, ci presenta dei frammenti della storia in cui l\u2019ellissi temporale e le frasi non dette sono spesso pi\u00f9 importanti di ci\u00f2 che ci viene mostrato in scena. Il testo risulta cos\u00ec un puzzle o un labirinto all\u2019interno del quale lo spettatore viene poco per volta accompagnato e da cui non \u00e8 possibile uscire.<\/p>\n\n\n\n<p>Lavorando sul testo si ha la sensazione che siano fondamentali alcune riflessioni sulle modalit\u00e0 di rappresentazione e fruizione dello spettacolo. Si deve cos\u00ec partire dal concetto, o forse preconcetto, di quarta parete, non solo per ridefinirlo teoricamente ma anche per verificare le implicazioni nella pratica della messa in scena.<\/p>\n\n\n\n<p>Dobbiamo rispondere a una domanda apparentemente semplice: quale \u00e8 la relazione tra spettatore e azione? Se come ci dice Mamet \u201clo scopo di un lavoro teatrale \u00e8 quello di portare sulla scena l\u2019anima vivente dell\u2019uomo\u201d, ci\u00f2 a cui assistiamo \u00e8 solo apparentemente un apparato realistico, le cui regole sono cos\u00ec stringenti da superare gli stilemi di illusione di realt\u00e0. Annullare la distanza tra la rappresentazione e lo spettatore significa eliminare di fatto una quarta parete. Venuto meno questo primo diaframma la prassi del lavoro ci richiede l\u2019eliminazione di ogni strumento tecnico teatrale di illusione e di finzione per mettere a nudo di fronte allo spettatore l\u2019anima dell\u2019attore\/personaggio senza nessun filtro.<\/p>\n\n\n\n<p>\u2014\u2014\u2014\u2014-<\/p>\n\n\n\n<p><em>DEFINITION OF POWER (IT DICTIONARY TRECCANI) :The ability or capacity to do something or act in a particular way. Skill. The capacity or ability to direct or influence the behaviour, actions, thoughts, opinions of others or the course of events; capacity to attract, to put in psychological subjection esp. In a intimate relationship. Possession, control.<\/em><\/p>\n\n\n\n<p><em>David Mamet wrote \u201cOleanna\u201d in 1992 during the case of Anita Hill who accused the judge Clarence Thomas of harassment.<\/em><\/p>\n\n\n\n<p><em>John is a brilliant university professor who receives in his study Carol a disappointed student, sure of her stupidity. John tries to be comprehensive and to help\u00a0 her.\u00a0 He is busy with some personal affairs and he ends up with some sentences potentially ambiguous. A normal conversation turns into a real accusation: sexism, racism, sexual harassment. The powerless professor assists to the reverse of his status, the destruction of his certainties. A student and a professor in the frame of the EDUCATION system that promotes, stops, awards, pulls back, pushes forward, judges, educates, shuts up, labels.\u00a0 A text that keeps stuck where the parts are always exchanged, reversed. Where the two characters are going up and down in their positions not always consciously. Thanks to a masterful use of the word, of the lie, of the personal histories David Mamet cuts in two the analysis of the power, the control. He investigates the concept of truth, of alleged facts happened in a classroom and keeps the audience concerned into a box ring where two voices seems to be in a perfect balance. By a banal episode that involves two generations, two rules, two sexes.\u00a0 Today this play seems to be more relevant than ever with all the current cases of harassment, violence, mobbing all around the world and inside all the levels of the society.<\/em><\/p>\n\n\n\n<p><em>Director\u2019s notes:<\/em><\/p>\n\n\n\n<p><em>It is a remarkable fact that even after 25 years all the themes treated by David Mamet in \u201cOleanna\u201d are worryingly current: the ethical issue of the educator towards the scholar and the consequent issue of the various forms of harassment and extortion (sexual, sexist and mobbing). Mamet do not judge the behaviour of the two characters that adapt themselves in the situation, he avoids any kind of moral reflection.\u00a0<\/em><\/p>\n\n\n\n<p><em>The dialogue is syncopated and always interrupted. It shows little fragments of the story where the time ellipse and the unsaid words are often more relevant that what we are watching on stage. The text is a puzzle, a labyrinth where the audience is taken little by little and from where it\u2019s impossible to get out.<\/em><\/p>\n\n\n\n<p><em>Working on the text some important reflections on the representation and final usage of the play are born. We must start from the conception, or maybe preconception, of the forth wall\u00a0 not only to redefine it in a theoretical view but also to verify the consequences in the practical staging.<\/em><\/p>\n\n\n\n<p><em>We are supposed to answer to an apparent simple question: what is the relationship between the audience and the action? If, as Mamet declares, \u201cthe aim of a theatre play is to put on stage the living soul of men\u201d what we see is an apparent realistic apparatus with pressing rules that overcome the lines of the illusion of reality. To erase the distance between the representation and the audience means to erase a forth wall.\u00a0<\/em><\/p>\n\n\n\n<p><em>Once this first membrane is melted the practice of the work asks for the elimination of any kind of technical theatre tool of illusion and fiction in order to lay bare the soul of the character\/actor with no filters in front of the audience.<\/em><\/p>\n\n\n\n<p><\/p>\n<p><\/p>","protected":false},"excerpt":{"rendered":"<p>SALA FRAU\u00a0 \u00a0\u2013\u00a0Mercoled\u00ec 3 Luglio h. 22.00\u00a0 \u00a0 \u00a0 \u00a0 \u00a0 \u00a0 \u00a0 \u00a0 \u00a0 \u00a0 \u00a0 \u00a0 \u2013 Gioved\u00ec 4 Luglio h. 18.00 Cast: &nbsp;&nbsp;Francesco \u201cBolo\u201d Rossini, &nbsp;&nbsp;Elisa MenchicchiRegia:&nbsp;Emiliano BronzinoAssistente alla regia e organizzazione:&nbsp;Samuele Chiovoloni Dal dizionario TRECCANI:&nbsp;Pot\u00e9re&nbsp;Capacit\u00e0, possibilit\u00e0 oggettiva di agire, di fare qualcosa; b. Con senso pi\u00f9\u2026<\/p>\n<p> <a class=\"continue-reading-link\" href=\"http:\/\/www.lamamaumbria.org\/?page_id=2382\"><span>Continue reading<\/span><i class=\"crycon-right-dir\"><\/i><\/a> <\/p>\n","protected":false},"author":3,"featured_media":0,"parent":2358,"menu_order":0,"comment_status":"closed","ping_status":"closed","template":"","meta":{"footnotes":""},"_links":{"self":[{"href":"http:\/\/www.lamamaumbria.org\/index.php?rest_route=\/wp\/v2\/pages\/2382"}],"collection":[{"href":"http:\/\/www.lamamaumbria.org\/index.php?rest_route=\/wp\/v2\/pages"}],"about":[{"href":"http:\/\/www.lamamaumbria.org\/index.php?rest_route=\/wp\/v2\/types\/page"}],"author":[{"embeddable":true,"href":"http:\/\/www.lamamaumbria.org\/index.php?rest_route=\/wp\/v2\/users\/3"}],"replies":[{"embeddable":true,"href":"http:\/\/www.lamamaumbria.org\/index.php?rest_route=%2Fwp%2Fv2%2Fcomments&post=2382"}],"version-history":[{"count":1,"href":"http:\/\/www.lamamaumbria.org\/index.php?rest_route=\/wp\/v2\/pages\/2382\/revisions"}],"predecessor-version":[{"id":2384,"href":"http:\/\/www.lamamaumbria.org\/index.php?rest_route=\/wp\/v2\/pages\/2382\/revisions\/2384"}],"up":[{"embeddable":true,"href":"http:\/\/www.lamamaumbria.org\/index.php?rest_route=\/wp\/v2\/pages\/2358"}],"wp:attachment":[{"href":"http:\/\/www.lamamaumbria.org\/index.php?rest_route=%2Fwp%2Fv2%2Fmedia&parent=2382"}],"curies":[{"name":"wp","href":"https:\/\/api.w.org\/{rel}","templated":true}]}}