{"id":2234,"date":"2021-01-28T12:08:19","date_gmt":"2021-01-28T11:08:19","guid":{"rendered":"http:\/\/www.lamamaumbria.org\/?page_id=2234"},"modified":"2021-01-28T12:08:20","modified_gmt":"2021-01-28T11:08:20","slug":"m2","status":"publish","type":"page","link":"http:\/\/www.lamamaumbria.org\/?page_id=2234","title":{"rendered":"M2"},"content":{"rendered":"\n<p><strong><em>9 luglio 2017 CANTIERE OBERDAN \u00a0\u00a0h. 16.00 \u2013\u00a0h. 18.00\u00a0\u2013\u00a0h. 21.30\u00a0<\/em><\/strong><\/p>\n\n\n\n<p><\/p>\n\n\n\n<div class=\"wp-block-image\"><figure class=\"alignleft size-large\"><a href=\"http:\/\/www.lamamaumbria.org\/wp-content\/uploads\/2021\/01\/M\u00b2-_ITA-1-249x300-1.jpg\"><img loading=\"lazy\" decoding=\"async\" width=\"249\" height=\"300\" src=\"http:\/\/www.lamamaumbria.org\/wp-content\/uploads\/2021\/01\/M\u00b2-_ITA-1-249x300-1.jpg\" alt=\"\" class=\"wp-image-2235\" srcset=\"http:\/\/www.lamamaumbria.org\/wp-content\/uploads\/2021\/01\/M\u00b2-_ITA-1-249x300-1.jpg 249w, http:\/\/www.lamamaumbria.org\/wp-content\/uploads\/2021\/01\/M\u00b2-_ITA-1-249x300-1-125x150.jpg 125w\" sizes=\"(max-width: 249px) 100vw, 249px\" \/><\/a><\/figure><\/div>\n\n\n\n<p>Performance partecipativa<br>Ideazione e realizzazione&nbsp;<strong>Dynamis<\/strong><\/p>\n\n\n\n<p>La performance si interroga, attraverso un gioco con spettatori volontari, su l\u2019uso dell\u2019unit\u00e0 di misura metro quadro. Quale \u00e8 il confine che intercorre tra umano e disumano nelle declinazioni della nostra quotidianit\u00e0?<br>Partendo da alcuni casi di naufragio nel Mediterraneo la performance \u00e8 costruita attorno ad una proporzione tra superficie e persone coinvolte. Le sequenze sceniche, sviluppate come le regole di un gioco, invitano le persone ad abitare lo spazio.<\/p>\n\n\n\n<p>La performance partecipativa m2 si interroga pragmaticamente sull\u2019unit\u00e0 di misura da cui prende nome, il metro quadro, svelando alla fine le possibili sfumature, al limite tra umano e disumano, che quotidianamente assume. Il pubblico \u00e8 l\u2019essenza stessa della performance, la matrice dell\u2019azione che si orchestra, attraverso semplici istruzioni veicolate da un\u2019hostess e da uno stuart, in un gioco collaborativo tra sconosciuti.<br>Partendo da stime dedotte da casi reali presi ad esempio la performance si sviluppa attorno ad una proporzione in scala, tra superficie circoscritta e persone coinvolte.<\/p>\n\n\n\n<p>DATI GENERALI:<br>Il resoconto annuale dell\u2019Alto commissario delle Nazioni Unite per i Rifugiati (Acnur) del giugno 2015 attesta che nell\u2019ultimo anno circa 60 milioni di persone sono state costrette a migrazione forzate per sfuggire a scenari di guerra. Dieci anni fa i migranti erano 22 milioni di meno. Di questi, circa 38,2 milioni sono sfollati interni, cio\u00e8 persone che fuggono dalle proprie case, ma restano all\u2019interno dei confini della loro nazione. Un milione e 800 mila sono i richiedenti asilo, coloro che presentano domanda per ottenere lo status di rifugiato, quasi 20 milioni i rifugiati in senso stretto (compresi i 5 milioni di palestinesi).<\/p>\n\n\n\n<figure class=\"wp-block-image size-large\"><a href=\"http:\/\/www.lamamaumbria.org\/wp-content\/uploads\/2021\/01\/IMG_9123-scaled.jpg\"><img loading=\"lazy\" decoding=\"async\" width=\"1024\" height=\"683\" src=\"http:\/\/www.lamamaumbria.org\/wp-content\/uploads\/2021\/01\/IMG_9123-1024x683.jpg\" alt=\"\" class=\"wp-image-2236\" srcset=\"http:\/\/www.lamamaumbria.org\/wp-content\/uploads\/2021\/01\/IMG_9123-1024x683.jpg 1024w, http:\/\/www.lamamaumbria.org\/wp-content\/uploads\/2021\/01\/IMG_9123-300x200.jpg 300w, http:\/\/www.lamamaumbria.org\/wp-content\/uploads\/2021\/01\/IMG_9123-768x512.jpg 768w, http:\/\/www.lamamaumbria.org\/wp-content\/uploads\/2021\/01\/IMG_9123-1536x1024.jpg 1536w, http:\/\/www.lamamaumbria.org\/wp-content\/uploads\/2021\/01\/IMG_9123-2048x1365.jpg 2048w, http:\/\/www.lamamaumbria.org\/wp-content\/uploads\/2021\/01\/IMG_9123-150x100.jpg 150w, http:\/\/www.lamamaumbria.org\/wp-content\/uploads\/2021\/01\/IMG_9123-225x150.jpg 225w, http:\/\/www.lamamaumbria.org\/wp-content\/uploads\/2021\/01\/IMG_9123-272x182.jpg 272w\" sizes=\"(max-width: 1024px) 100vw, 1024px\" \/><\/a><\/figure>\n\n\n\n<figure class=\"wp-block-image size-large\"><a href=\"http:\/\/www.lamamaumbria.org\/wp-content\/uploads\/2021\/01\/IMG_9112-scaled.jpg\"><img loading=\"lazy\" decoding=\"async\" width=\"683\" height=\"1024\" src=\"http:\/\/www.lamamaumbria.org\/wp-content\/uploads\/2021\/01\/IMG_9112-683x1024.jpg\" alt=\"\" class=\"wp-image-2237\" srcset=\"http:\/\/www.lamamaumbria.org\/wp-content\/uploads\/2021\/01\/IMG_9112-683x1024.jpg 683w, http:\/\/www.lamamaumbria.org\/wp-content\/uploads\/2021\/01\/IMG_9112-200x300.jpg 200w, http:\/\/www.lamamaumbria.org\/wp-content\/uploads\/2021\/01\/IMG_9112-768x1152.jpg 768w, http:\/\/www.lamamaumbria.org\/wp-content\/uploads\/2021\/01\/IMG_9112-1024x1536.jpg 1024w, http:\/\/www.lamamaumbria.org\/wp-content\/uploads\/2021\/01\/IMG_9112-1365x2048.jpg 1365w, http:\/\/www.lamamaumbria.org\/wp-content\/uploads\/2021\/01\/IMG_9112-100x150.jpg 100w, http:\/\/www.lamamaumbria.org\/wp-content\/uploads\/2021\/01\/IMG_9112-scaled.jpg 1707w\" sizes=\"(max-width: 683px) 100vw, 683px\" \/><\/a><\/figure>\n\n\n\n<figure class=\"wp-block-image size-large\"><a href=\"http:\/\/www.lamamaumbria.org\/wp-content\/uploads\/2021\/01\/IMG_9100-scaled.jpg\"><img loading=\"lazy\" decoding=\"async\" width=\"1024\" height=\"683\" src=\"http:\/\/www.lamamaumbria.org\/wp-content\/uploads\/2021\/01\/IMG_9100-1024x683.jpg\" alt=\"\" class=\"wp-image-2238\" srcset=\"http:\/\/www.lamamaumbria.org\/wp-content\/uploads\/2021\/01\/IMG_9100-1024x683.jpg 1024w, http:\/\/www.lamamaumbria.org\/wp-content\/uploads\/2021\/01\/IMG_9100-300x200.jpg 300w, http:\/\/www.lamamaumbria.org\/wp-content\/uploads\/2021\/01\/IMG_9100-768x512.jpg 768w, http:\/\/www.lamamaumbria.org\/wp-content\/uploads\/2021\/01\/IMG_9100-1536x1024.jpg 1536w, http:\/\/www.lamamaumbria.org\/wp-content\/uploads\/2021\/01\/IMG_9100-2048x1365.jpg 2048w, http:\/\/www.lamamaumbria.org\/wp-content\/uploads\/2021\/01\/IMG_9100-150x100.jpg 150w, http:\/\/www.lamamaumbria.org\/wp-content\/uploads\/2021\/01\/IMG_9100-225x150.jpg 225w, http:\/\/www.lamamaumbria.org\/wp-content\/uploads\/2021\/01\/IMG_9100-272x182.jpg 272w\" sizes=\"(max-width: 1024px) 100vw, 1024px\" \/><\/a><\/figure>\n\n\n\n<figure class=\"wp-block-image size-large\"><a href=\"http:\/\/www.lamamaumbria.org\/wp-content\/uploads\/2021\/01\/IMG_9081-scaled.jpg\"><img loading=\"lazy\" decoding=\"async\" width=\"683\" height=\"1024\" src=\"http:\/\/www.lamamaumbria.org\/wp-content\/uploads\/2021\/01\/IMG_9081-683x1024.jpg\" alt=\"\" class=\"wp-image-2239\" srcset=\"http:\/\/www.lamamaumbria.org\/wp-content\/uploads\/2021\/01\/IMG_9081-683x1024.jpg 683w, http:\/\/www.lamamaumbria.org\/wp-content\/uploads\/2021\/01\/IMG_9081-200x300.jpg 200w, http:\/\/www.lamamaumbria.org\/wp-content\/uploads\/2021\/01\/IMG_9081-768x1152.jpg 768w, http:\/\/www.lamamaumbria.org\/wp-content\/uploads\/2021\/01\/IMG_9081-1024x1536.jpg 1024w, http:\/\/www.lamamaumbria.org\/wp-content\/uploads\/2021\/01\/IMG_9081-1365x2048.jpg 1365w, http:\/\/www.lamamaumbria.org\/wp-content\/uploads\/2021\/01\/IMG_9081-100x150.jpg 100w, http:\/\/www.lamamaumbria.org\/wp-content\/uploads\/2021\/01\/IMG_9081-scaled.jpg 1707w\" sizes=\"(max-width: 683px) 100vw, 683px\" \/><\/a><\/figure>\n\n\n\n<figure class=\"wp-block-image size-large\"><a href=\"http:\/\/www.lamamaumbria.org\/wp-content\/uploads\/2021\/01\/IMG_9069-scaled.jpg\"><img loading=\"lazy\" decoding=\"async\" width=\"1024\" height=\"683\" src=\"http:\/\/www.lamamaumbria.org\/wp-content\/uploads\/2021\/01\/IMG_9069-1024x683.jpg\" alt=\"\" class=\"wp-image-2240\" srcset=\"http:\/\/www.lamamaumbria.org\/wp-content\/uploads\/2021\/01\/IMG_9069-1024x683.jpg 1024w, http:\/\/www.lamamaumbria.org\/wp-content\/uploads\/2021\/01\/IMG_9069-300x200.jpg 300w, http:\/\/www.lamamaumbria.org\/wp-content\/uploads\/2021\/01\/IMG_9069-768x512.jpg 768w, http:\/\/www.lamamaumbria.org\/wp-content\/uploads\/2021\/01\/IMG_9069-1536x1024.jpg 1536w, http:\/\/www.lamamaumbria.org\/wp-content\/uploads\/2021\/01\/IMG_9069-2048x1365.jpg 2048w, http:\/\/www.lamamaumbria.org\/wp-content\/uploads\/2021\/01\/IMG_9069-150x100.jpg 150w, http:\/\/www.lamamaumbria.org\/wp-content\/uploads\/2021\/01\/IMG_9069-225x150.jpg 225w, http:\/\/www.lamamaumbria.org\/wp-content\/uploads\/2021\/01\/IMG_9069-272x182.jpg 272w\" sizes=\"(max-width: 1024px) 100vw, 1024px\" \/><\/a><\/figure>\n\n\n\n<figure class=\"wp-block-image size-large\"><a href=\"http:\/\/www.lamamaumbria.org\/wp-content\/uploads\/2021\/01\/IMG_9056-scaled.jpg\"><img loading=\"lazy\" decoding=\"async\" width=\"1024\" height=\"683\" src=\"http:\/\/www.lamamaumbria.org\/wp-content\/uploads\/2021\/01\/IMG_9056-1024x683.jpg\" alt=\"\" class=\"wp-image-2241\" srcset=\"http:\/\/www.lamamaumbria.org\/wp-content\/uploads\/2021\/01\/IMG_9056-1024x683.jpg 1024w, http:\/\/www.lamamaumbria.org\/wp-content\/uploads\/2021\/01\/IMG_9056-300x200.jpg 300w, http:\/\/www.lamamaumbria.org\/wp-content\/uploads\/2021\/01\/IMG_9056-768x512.jpg 768w, http:\/\/www.lamamaumbria.org\/wp-content\/uploads\/2021\/01\/IMG_9056-1536x1024.jpg 1536w, http:\/\/www.lamamaumbria.org\/wp-content\/uploads\/2021\/01\/IMG_9056-2048x1365.jpg 2048w, http:\/\/www.lamamaumbria.org\/wp-content\/uploads\/2021\/01\/IMG_9056-150x100.jpg 150w, http:\/\/www.lamamaumbria.org\/wp-content\/uploads\/2021\/01\/IMG_9056-225x150.jpg 225w, http:\/\/www.lamamaumbria.org\/wp-content\/uploads\/2021\/01\/IMG_9056-272x182.jpg 272w\" sizes=\"(max-width: 1024px) 100vw, 1024px\" \/><\/a><\/figure>\n\n\n\n<figure class=\"wp-block-image size-large\"><a href=\"http:\/\/www.lamamaumbria.org\/wp-content\/uploads\/2021\/01\/IMG_9052-scaled.jpg\"><img loading=\"lazy\" decoding=\"async\" width=\"1024\" height=\"684\" src=\"http:\/\/www.lamamaumbria.org\/wp-content\/uploads\/2021\/01\/IMG_9052-1024x684.jpg\" alt=\"\" class=\"wp-image-2242\" srcset=\"http:\/\/www.lamamaumbria.org\/wp-content\/uploads\/2021\/01\/IMG_9052-1024x684.jpg 1024w, http:\/\/www.lamamaumbria.org\/wp-content\/uploads\/2021\/01\/IMG_9052-300x200.jpg 300w, http:\/\/www.lamamaumbria.org\/wp-content\/uploads\/2021\/01\/IMG_9052-768x513.jpg 768w, http:\/\/www.lamamaumbria.org\/wp-content\/uploads\/2021\/01\/IMG_9052-1536x1026.jpg 1536w, http:\/\/www.lamamaumbria.org\/wp-content\/uploads\/2021\/01\/IMG_9052-2048x1368.jpg 2048w, http:\/\/www.lamamaumbria.org\/wp-content\/uploads\/2021\/01\/IMG_9052-150x100.jpg 150w, http:\/\/www.lamamaumbria.org\/wp-content\/uploads\/2021\/01\/IMG_9052-224x150.jpg 224w, http:\/\/www.lamamaumbria.org\/wp-content\/uploads\/2021\/01\/IMG_9052-272x182.jpg 272w\" sizes=\"(max-width: 1024px) 100vw, 1024px\" \/><\/a><\/figure>\n\n\n\n<p><a href=\"http:\/\/www.lamamaspoletopen.net\/\">http:\/\/www.lamamaspoletopen.net\/<\/a><\/p>\n\n\n\n<p><\/p>\n<p><\/p>","protected":false},"excerpt":{"rendered":"<p>9 luglio 2017 CANTIERE OBERDAN \u00a0\u00a0h. 16.00 \u2013\u00a0h. 18.00\u00a0\u2013\u00a0h. 21.30\u00a0 Performance partecipativaIdeazione e realizzazione&nbsp;Dynamis La performance si interroga, attraverso un gioco con spettatori volontari, su l\u2019uso dell\u2019unit\u00e0 di misura metro quadro. Quale \u00e8 il confine che intercorre tra umano e disumano nelle declinazioni della nostra quotidianit\u00e0?Partendo da alcuni casi di\u2026<\/p>\n<p> <a class=\"continue-reading-link\" href=\"http:\/\/www.lamamaumbria.org\/?page_id=2234\"><span>Continue reading<\/span><i class=\"crycon-right-dir\"><\/i><\/a> <\/p>\n","protected":false},"author":3,"featured_media":0,"parent":2184,"menu_order":0,"comment_status":"closed","ping_status":"closed","template":"","meta":{"footnotes":""},"_links":{"self":[{"href":"http:\/\/www.lamamaumbria.org\/index.php?rest_route=\/wp\/v2\/pages\/2234"}],"collection":[{"href":"http:\/\/www.lamamaumbria.org\/index.php?rest_route=\/wp\/v2\/pages"}],"about":[{"href":"http:\/\/www.lamamaumbria.org\/index.php?rest_route=\/wp\/v2\/types\/page"}],"author":[{"embeddable":true,"href":"http:\/\/www.lamamaumbria.org\/index.php?rest_route=\/wp\/v2\/users\/3"}],"replies":[{"embeddable":true,"href":"http:\/\/www.lamamaumbria.org\/index.php?rest_route=%2Fwp%2Fv2%2Fcomments&post=2234"}],"version-history":[{"count":1,"href":"http:\/\/www.lamamaumbria.org\/index.php?rest_route=\/wp\/v2\/pages\/2234\/revisions"}],"predecessor-version":[{"id":2243,"href":"http:\/\/www.lamamaumbria.org\/index.php?rest_route=\/wp\/v2\/pages\/2234\/revisions\/2243"}],"up":[{"embeddable":true,"href":"http:\/\/www.lamamaumbria.org\/index.php?rest_route=\/wp\/v2\/pages\/2184"}],"wp:attachment":[{"href":"http:\/\/www.lamamaumbria.org\/index.php?rest_route=%2Fwp%2Fv2%2Fmedia&parent=2234"}],"curies":[{"name":"wp","href":"https:\/\/api.w.org\/{rel}","templated":true}]}}