{"id":2222,"date":"2021-01-28T11:48:02","date_gmt":"2021-01-28T10:48:02","guid":{"rendered":"http:\/\/www.lamamaumbria.org\/?page_id=2222"},"modified":"2021-01-28T11:48:02","modified_gmt":"2021-01-28T10:48:02","slug":"preludes","status":"publish","type":"page","link":"http:\/\/www.lamamaumbria.org\/?page_id=2222","title":{"rendered":"\u201cPRELUDES\u201d"},"content":{"rendered":"\n<p><strong><em>8 luglio 2017 CANTIERE OBERDAN\u00a0\u00a0h. 18.00\u00a0\u00a0e \u00a0h. 22.00\u00a0<\/em><\/strong><\/p>\n\n\n\n<div class=\"wp-block-image\"><figure class=\"alignleft size-large is-resized\"><a href=\"http:\/\/www.lamamaumbria.org\/wp-content\/uploads\/2021\/01\/Prel4low-768x569-1.jpg\"><img loading=\"lazy\" decoding=\"async\" src=\"http:\/\/www.lamamaumbria.org\/wp-content\/uploads\/2021\/01\/Prel4low-768x569-1.jpg\" alt=\"\" class=\"wp-image-2223\" width=\"264\" height=\"195\" srcset=\"http:\/\/www.lamamaumbria.org\/wp-content\/uploads\/2021\/01\/Prel4low-768x569-1.jpg 768w, http:\/\/www.lamamaumbria.org\/wp-content\/uploads\/2021\/01\/Prel4low-768x569-1-300x222.jpg 300w, http:\/\/www.lamamaumbria.org\/wp-content\/uploads\/2021\/01\/Prel4low-768x569-1-150x111.jpg 150w, http:\/\/www.lamamaumbria.org\/wp-content\/uploads\/2021\/01\/Prel4low-768x569-1-202x150.jpg 202w\" sizes=\"(max-width: 264px) 100vw, 264px\" \/><\/a><\/figure><\/div>\n\n\n\n<p><strong>Anatra Morte Tulipano<\/strong><\/p>\n\n\n\n<p><strong><em>La Capra Ballerina Pappet Theatre<br><\/em><\/strong>Liberamente tratto dal libro \u201cL\u2019Anatra, la Morte e il Tulipano\u201d di\u00a0<strong>Wolf Herlbruch<br><\/strong>Adattato di\u00a0<strong>Damiano Privitera e Laura Bartolomei<br><\/strong>Marionette, scene e costumi:\u00a0<strong>Laura Bartolomei<br><\/strong>Musica:\u00a0<strong>Slawek Kwi &amp; Slobh\u00e0n Mcdonald, Shostakovich, Stefano Trevisi, Saule, Gavin Boyars, Kronos Quartet, Twine Recorder<br><\/strong>Regia, video e scelta musicale:\u00a0<strong>Damiano Priviter<br><\/strong>Con\u00a0<strong>Laura Bartolomei<\/strong><\/p>\n\n\n\n<p>Progetto sviluppato grazie alla residenza de&nbsp;<strong>La MaMa Umbria International<\/strong>&nbsp;(Spoleto, Italia)&nbsp;<strong>Can Pink Y Boogie<\/strong>&nbsp;<strong>Residency<\/strong>&nbsp;(Mataro, Spagna),&nbsp;<strong>Teatro del Lavoro<\/strong>&nbsp;(Pinerolo, Italia)<\/p>\n\n\n\n<p>Per un pubblico misto e bambini dagli 8 anni in su<\/p>\n\n\n\n<p>Anatra si rende conto di essere seguita da un personaggio e quando scopre che \u00e8 la Morte si impaurisce. La Morte la rassicura spiegandole che le \u00e8 vicina da quando \u00e8 nata, e che non c\u2019\u00e8 da preoccuparsi, \u00e8 normale che lei sia presente, \u00e8 la vita stessa. Il tempo passa e Anatra si abitua alla sua presenza e piano piano si avvicinano e prendono cura una dell\u2019altra, fino all\u2019ultimo respiro. La scena \u00e8 una stanza senza muri, un letto nudo ed un acquario. In scena sono una donna malata, una marionette Anatra, la maschera della Morte. Impersonando la Morte e narrando la storia dell\u2019Anatra, la donna malata pu\u00f2 finalmente accettare la sua morte annunciata.<\/p>\n\n\n\n<figure class=\"wp-block-gallery columns-1 is-cropped wp-block-gallery-1 is-layout-flex wp-block-gallery-is-layout-flex\"><ul class=\"blocks-gallery-grid\"><li class=\"blocks-gallery-item\"><figure><a href=\"http:\/\/www.lamamaumbria.org\/wp-content\/uploads\/2021\/01\/IMG_8991-copia-2-scaled.jpg\"><img loading=\"lazy\" decoding=\"async\" width=\"1024\" height=\"683\" src=\"http:\/\/www.lamamaumbria.org\/wp-content\/uploads\/2021\/01\/IMG_8991-copia-2-1024x683.jpg\" alt=\"\" data-id=\"2226\" data-full-url=\"http:\/\/www.lamamaumbria.org\/wp-content\/uploads\/2021\/01\/IMG_8991-copia-2-scaled.jpg\" data-link=\"http:\/\/www.lamamaumbria.org\/?attachment_id=2226\" class=\"wp-image-2226\" srcset=\"http:\/\/www.lamamaumbria.org\/wp-content\/uploads\/2021\/01\/IMG_8991-copia-2-1024x683.jpg 1024w, http:\/\/www.lamamaumbria.org\/wp-content\/uploads\/2021\/01\/IMG_8991-copia-2-300x200.jpg 300w, http:\/\/www.lamamaumbria.org\/wp-content\/uploads\/2021\/01\/IMG_8991-copia-2-768x512.jpg 768w, http:\/\/www.lamamaumbria.org\/wp-content\/uploads\/2021\/01\/IMG_8991-copia-2-1536x1024.jpg 1536w, http:\/\/www.lamamaumbria.org\/wp-content\/uploads\/2021\/01\/IMG_8991-copia-2-2048x1365.jpg 2048w, http:\/\/www.lamamaumbria.org\/wp-content\/uploads\/2021\/01\/IMG_8991-copia-2-150x100.jpg 150w, http:\/\/www.lamamaumbria.org\/wp-content\/uploads\/2021\/01\/IMG_8991-copia-2-225x150.jpg 225w, http:\/\/www.lamamaumbria.org\/wp-content\/uploads\/2021\/01\/IMG_8991-copia-2-272x182.jpg 272w\" sizes=\"(max-width: 1024px) 100vw, 1024px\" \/><\/a><\/figure><\/li><\/ul><\/figure>\n\n\n\n<figure class=\"wp-block-image size-large\"><a href=\"http:\/\/www.lamamaumbria.org\/wp-content\/uploads\/2021\/01\/IMG_8992-copia-scaled.jpg\"><img loading=\"lazy\" decoding=\"async\" width=\"1024\" height=\"683\" src=\"http:\/\/www.lamamaumbria.org\/wp-content\/uploads\/2021\/01\/IMG_8992-copia-1024x683.jpg\" alt=\"\" class=\"wp-image-2227\" srcset=\"http:\/\/www.lamamaumbria.org\/wp-content\/uploads\/2021\/01\/IMG_8992-copia-1024x683.jpg 1024w, http:\/\/www.lamamaumbria.org\/wp-content\/uploads\/2021\/01\/IMG_8992-copia-300x200.jpg 300w, http:\/\/www.lamamaumbria.org\/wp-content\/uploads\/2021\/01\/IMG_8992-copia-768x512.jpg 768w, http:\/\/www.lamamaumbria.org\/wp-content\/uploads\/2021\/01\/IMG_8992-copia-1536x1024.jpg 1536w, http:\/\/www.lamamaumbria.org\/wp-content\/uploads\/2021\/01\/IMG_8992-copia-2048x1365.jpg 2048w, http:\/\/www.lamamaumbria.org\/wp-content\/uploads\/2021\/01\/IMG_8992-copia-150x100.jpg 150w, http:\/\/www.lamamaumbria.org\/wp-content\/uploads\/2021\/01\/IMG_8992-copia-225x150.jpg 225w, http:\/\/www.lamamaumbria.org\/wp-content\/uploads\/2021\/01\/IMG_8992-copia-272x182.jpg 272w\" sizes=\"(max-width: 1024px) 100vw, 1024px\" \/><\/a><\/figure>\n\n\n\n<figure class=\"wp-block-image size-large\"><a href=\"http:\/\/www.lamamaumbria.org\/wp-content\/uploads\/2021\/01\/IMG_9000-copia-scaled.jpg\"><img loading=\"lazy\" decoding=\"async\" width=\"1024\" height=\"683\" src=\"http:\/\/www.lamamaumbria.org\/wp-content\/uploads\/2021\/01\/IMG_9000-copia-1024x683.jpg\" alt=\"\" class=\"wp-image-2228\" srcset=\"http:\/\/www.lamamaumbria.org\/wp-content\/uploads\/2021\/01\/IMG_9000-copia-1024x683.jpg 1024w, http:\/\/www.lamamaumbria.org\/wp-content\/uploads\/2021\/01\/IMG_9000-copia-300x200.jpg 300w, http:\/\/www.lamamaumbria.org\/wp-content\/uploads\/2021\/01\/IMG_9000-copia-768x512.jpg 768w, http:\/\/www.lamamaumbria.org\/wp-content\/uploads\/2021\/01\/IMG_9000-copia-1536x1024.jpg 1536w, http:\/\/www.lamamaumbria.org\/wp-content\/uploads\/2021\/01\/IMG_9000-copia-2048x1365.jpg 2048w, http:\/\/www.lamamaumbria.org\/wp-content\/uploads\/2021\/01\/IMG_9000-copia-150x100.jpg 150w, http:\/\/www.lamamaumbria.org\/wp-content\/uploads\/2021\/01\/IMG_9000-copia-225x150.jpg 225w, http:\/\/www.lamamaumbria.org\/wp-content\/uploads\/2021\/01\/IMG_9000-copia-272x182.jpg 272w\" sizes=\"(max-width: 1024px) 100vw, 1024px\" \/><\/a><\/figure>\n\n\n\n<figure class=\"wp-block-image size-large\"><a href=\"http:\/\/www.lamamaumbria.org\/wp-content\/uploads\/2021\/01\/IMG_8949-scaled.jpg\"><img loading=\"lazy\" decoding=\"async\" width=\"1024\" height=\"683\" src=\"http:\/\/www.lamamaumbria.org\/wp-content\/uploads\/2021\/01\/IMG_8949-1024x683.jpg\" alt=\"\" class=\"wp-image-2229\" srcset=\"http:\/\/www.lamamaumbria.org\/wp-content\/uploads\/2021\/01\/IMG_8949-1024x683.jpg 1024w, http:\/\/www.lamamaumbria.org\/wp-content\/uploads\/2021\/01\/IMG_8949-300x200.jpg 300w, http:\/\/www.lamamaumbria.org\/wp-content\/uploads\/2021\/01\/IMG_8949-768x512.jpg 768w, http:\/\/www.lamamaumbria.org\/wp-content\/uploads\/2021\/01\/IMG_8949-1536x1024.jpg 1536w, http:\/\/www.lamamaumbria.org\/wp-content\/uploads\/2021\/01\/IMG_8949-2048x1365.jpg 2048w, http:\/\/www.lamamaumbria.org\/wp-content\/uploads\/2021\/01\/IMG_8949-150x100.jpg 150w, http:\/\/www.lamamaumbria.org\/wp-content\/uploads\/2021\/01\/IMG_8949-225x150.jpg 225w, http:\/\/www.lamamaumbria.org\/wp-content\/uploads\/2021\/01\/IMG_8949-272x182.jpg 272w\" sizes=\"(max-width: 1024px) 100vw, 1024px\" \/><\/a><\/figure>\n\n\n\n<figure class=\"wp-block-image size-large\"><a href=\"http:\/\/www.lamamaumbria.org\/wp-content\/uploads\/2021\/01\/IMG_9001-copia-scaled.jpg\"><img loading=\"lazy\" decoding=\"async\" width=\"1024\" height=\"683\" src=\"http:\/\/www.lamamaumbria.org\/wp-content\/uploads\/2021\/01\/IMG_9001-copia-1024x683.jpg\" alt=\"\" class=\"wp-image-2230\" srcset=\"http:\/\/www.lamamaumbria.org\/wp-content\/uploads\/2021\/01\/IMG_9001-copia-1024x683.jpg 1024w, http:\/\/www.lamamaumbria.org\/wp-content\/uploads\/2021\/01\/IMG_9001-copia-300x200.jpg 300w, http:\/\/www.lamamaumbria.org\/wp-content\/uploads\/2021\/01\/IMG_9001-copia-768x512.jpg 768w, http:\/\/www.lamamaumbria.org\/wp-content\/uploads\/2021\/01\/IMG_9001-copia-1536x1024.jpg 1536w, http:\/\/www.lamamaumbria.org\/wp-content\/uploads\/2021\/01\/IMG_9001-copia-2048x1365.jpg 2048w, http:\/\/www.lamamaumbria.org\/wp-content\/uploads\/2021\/01\/IMG_9001-copia-150x100.jpg 150w, http:\/\/www.lamamaumbria.org\/wp-content\/uploads\/2021\/01\/IMG_9001-copia-225x150.jpg 225w, http:\/\/www.lamamaumbria.org\/wp-content\/uploads\/2021\/01\/IMG_9001-copia-272x182.jpg 272w\" sizes=\"(max-width: 1024px) 100vw, 1024px\" \/><\/a><\/figure>\n\n\n\n<figure class=\"wp-block-image size-large\"><a href=\"http:\/\/www.lamamaumbria.org\/wp-content\/uploads\/2021\/01\/IMG_8973-scaled.jpg\"><img loading=\"lazy\" decoding=\"async\" width=\"1024\" height=\"683\" src=\"http:\/\/www.lamamaumbria.org\/wp-content\/uploads\/2021\/01\/IMG_8973-1024x683.jpg\" alt=\"\" class=\"wp-image-2231\" srcset=\"http:\/\/www.lamamaumbria.org\/wp-content\/uploads\/2021\/01\/IMG_8973-1024x683.jpg 1024w, http:\/\/www.lamamaumbria.org\/wp-content\/uploads\/2021\/01\/IMG_8973-300x200.jpg 300w, http:\/\/www.lamamaumbria.org\/wp-content\/uploads\/2021\/01\/IMG_8973-768x512.jpg 768w, http:\/\/www.lamamaumbria.org\/wp-content\/uploads\/2021\/01\/IMG_8973-1536x1024.jpg 1536w, http:\/\/www.lamamaumbria.org\/wp-content\/uploads\/2021\/01\/IMG_8973-2048x1365.jpg 2048w, http:\/\/www.lamamaumbria.org\/wp-content\/uploads\/2021\/01\/IMG_8973-150x100.jpg 150w, http:\/\/www.lamamaumbria.org\/wp-content\/uploads\/2021\/01\/IMG_8973-225x150.jpg 225w, http:\/\/www.lamamaumbria.org\/wp-content\/uploads\/2021\/01\/IMG_8973-272x182.jpg 272w\" sizes=\"(max-width: 1024px) 100vw, 1024px\" \/><\/a><\/figure>\n\n\n\n<p><a href=\"http:\/\/www.lamamaspoletopen.net\/\">http:\/\/www.lamamaspoletopen.net\/<\/a><\/p>\n\n\n\n<p><\/p>\n<p><\/p>","protected":false},"excerpt":{"rendered":"<p>8 luglio 2017 CANTIERE OBERDAN\u00a0\u00a0h. 18.00\u00a0\u00a0e \u00a0h. 22.00\u00a0 Anatra Morte Tulipano La Capra Ballerina Pappet TheatreLiberamente tratto dal libro \u201cL\u2019Anatra, la Morte e il Tulipano\u201d di\u00a0Wolf HerlbruchAdattato di\u00a0Damiano Privitera e Laura BartolomeiMarionette, scene e costumi:\u00a0Laura BartolomeiMusica:\u00a0Slawek Kwi &amp; Slobh\u00e0n Mcdonald, Shostakovich, Stefano Trevisi, Saule, Gavin Boyars, Kronos Quartet, Twine RecorderRegia,\u2026<\/p>\n<p> <a class=\"continue-reading-link\" href=\"http:\/\/www.lamamaumbria.org\/?page_id=2222\"><span>Continue reading<\/span><i class=\"crycon-right-dir\"><\/i><\/a> <\/p>\n","protected":false},"author":3,"featured_media":0,"parent":2184,"menu_order":0,"comment_status":"closed","ping_status":"closed","template":"","meta":{"footnotes":""},"_links":{"self":[{"href":"http:\/\/www.lamamaumbria.org\/index.php?rest_route=\/wp\/v2\/pages\/2222"}],"collection":[{"href":"http:\/\/www.lamamaumbria.org\/index.php?rest_route=\/wp\/v2\/pages"}],"about":[{"href":"http:\/\/www.lamamaumbria.org\/index.php?rest_route=\/wp\/v2\/types\/page"}],"author":[{"embeddable":true,"href":"http:\/\/www.lamamaumbria.org\/index.php?rest_route=\/wp\/v2\/users\/3"}],"replies":[{"embeddable":true,"href":"http:\/\/www.lamamaumbria.org\/index.php?rest_route=%2Fwp%2Fv2%2Fcomments&post=2222"}],"version-history":[{"count":1,"href":"http:\/\/www.lamamaumbria.org\/index.php?rest_route=\/wp\/v2\/pages\/2222\/revisions"}],"predecessor-version":[{"id":2232,"href":"http:\/\/www.lamamaumbria.org\/index.php?rest_route=\/wp\/v2\/pages\/2222\/revisions\/2232"}],"up":[{"embeddable":true,"href":"http:\/\/www.lamamaumbria.org\/index.php?rest_route=\/wp\/v2\/pages\/2184"}],"wp:attachment":[{"href":"http:\/\/www.lamamaumbria.org\/index.php?rest_route=%2Fwp%2Fv2%2Fmedia&parent=2222"}],"curies":[{"name":"wp","href":"https:\/\/api.w.org\/{rel}","templated":true}]}}