{"id":2187,"date":"2021-01-27T10:19:37","date_gmt":"2021-01-27T09:19:37","guid":{"rendered":"http:\/\/www.lamamaumbria.org\/?page_id=2187"},"modified":"2021-01-27T10:19:38","modified_gmt":"2021-01-27T09:19:38","slug":"la-fuga","status":"publish","type":"page","link":"http:\/\/www.lamamaumbria.org\/?page_id=2187","title":{"rendered":"LA FUGA"},"content":{"rendered":"\n<p><strong><span class=\"has-inline-color has-vivid-cyan-blue-color\">1 luglio 2017 \u00a0CANTIERE OBERDAN \u00a0h. 21.30<br>2 luglio 2017 \u00a0Cantiere\u00a0Oberdan \u00a0h. 18.00<\/span><\/strong><\/p>\n\n\n\n<p><\/p>\n\n\n\n<div class=\"wp-block-image\"><figure class=\"alignleft size-large is-resized\"><a href=\"http:\/\/www.lamamaumbria.org\/wp-content\/uploads\/2021\/01\/edddd-768x514-1.jpg\"><img loading=\"lazy\" decoding=\"async\" src=\"http:\/\/www.lamamaumbria.org\/wp-content\/uploads\/2021\/01\/edddd-768x514-1.jpg\" alt=\"\" class=\"wp-image-2188\" width=\"221\" height=\"148\" srcset=\"http:\/\/www.lamamaumbria.org\/wp-content\/uploads\/2021\/01\/edddd-768x514-1.jpg 768w, http:\/\/www.lamamaumbria.org\/wp-content\/uploads\/2021\/01\/edddd-768x514-1-300x201.jpg 300w, http:\/\/www.lamamaumbria.org\/wp-content\/uploads\/2021\/01\/edddd-768x514-1-150x100.jpg 150w, http:\/\/www.lamamaumbria.org\/wp-content\/uploads\/2021\/01\/edddd-768x514-1-224x150.jpg 224w, http:\/\/www.lamamaumbria.org\/wp-content\/uploads\/2021\/01\/edddd-768x514-1-272x182.jpg 272w\" sizes=\"(max-width: 221px) 100vw, 221px\" \/><\/a><\/figure><\/div>\n\n\n\n<p>Created &nbsp;By&nbsp;<strong>Eden Wiseman<\/strong>&nbsp;(Israel)<br>Performed by:&nbsp;<strong>Eden Wiseman<\/strong>&nbsp;and&nbsp;<strong>Alma Livne<\/strong><br>Co-creator and composer:&nbsp;<strong>Ori Dvir<br><\/strong>Sviluppato<em>\/Development<\/em>&nbsp;La MaMa Umbria Next Generation 2016<\/p>\n\n\n\n<p>Con il sostegno dell\u2018Ufficio Culturale dell\u2018Ambasciata di Israele, Roma<br><em>With the support of&nbsp;Cultural&nbsp;Office&nbsp;of&nbsp;the&nbsp;Embassy&nbsp;of&nbsp;Israel, Rome<\/em><em><\/em><\/p>\n\n\n\n<div class=\"wp-block-image\"><figure class=\"aligncenter size-large is-resized\"><a href=\"http:\/\/www.lamamaumbria.org\/wp-content\/uploads\/2021\/01\/LOGO.jpg\"><img loading=\"lazy\" decoding=\"async\" src=\"http:\/\/www.lamamaumbria.org\/wp-content\/uploads\/2021\/01\/LOGO.jpg\" alt=\"\" class=\"wp-image-2189\" width=\"186\" height=\"43\" srcset=\"http:\/\/www.lamamaumbria.org\/wp-content\/uploads\/2021\/01\/LOGO.jpg 320w, http:\/\/www.lamamaumbria.org\/wp-content\/uploads\/2021\/01\/LOGO-300x69.jpg 300w, http:\/\/www.lamamaumbria.org\/wp-content\/uploads\/2021\/01\/LOGO-150x35.jpg 150w, http:\/\/www.lamamaumbria.org\/wp-content\/uploads\/2021\/01\/LOGO-250x58.jpg 250w\" sizes=\"(max-width: 186px) 100vw, 186px\" \/><\/a><\/figure><\/div>\n\n\n\n<p><em><strong>\u201cQuando mi blocco, apro il mio armadio e indosso il mio \u201cAbito killer\u201d<br>\u201cWhen I\u2019m stuck I open my closet and I put on my \u201ckiller suit\u201d<br>Durata: 30 min \u2013 Danza contemporanea<\/strong><\/em><\/p>\n\n\n\n<p>Quando il silenzio ci spaventa, quando ci abbassiamo e sentiamo che il senso di quello che facciamo \u00e8 inutile, senza senso e irrilevante. Non v\u2019\u00e8 alcuna ricompensa materiale, quello che facciamo \u00e8 quasi impossibile. Abbiamo il corpo, il movimento, abbiamo colori e immagini, e abbiamo modi per coprire il nostro opposto, ma perch\u00e9? La situazione \u00e8 cos\u00ec caotica che sentiamo il bisogno di parlare chiaro, senza filtri, senza nascondersi. \u00c8 questo il mio dovere? Come artista, come donna, come creatura, mi sento intrappolata, mi sento come se fossi in un ciclo senza fine, tutto si ripete, \u00e8 inevitabile! come se fossimo insonni intrappolati dagli eventi che continuano a inseguirci senza sosta (gli stessi errori, gli stessi fallimenti, la stessa routine, le stesse scelte, le stesse paure, lo stesso dolore emotivo e fisico). Questa ripetizione ci fa sentire meccanici, come se fossimo semplici macchine che sono state programmate per ripetere sempre la stessa routine. Questo \u00e8 seguito dal momento affascinante in cui mi concentro- il momento della violazione e della fuga, in cui solo azioni estreme ci possono consentire di sfuggire dalle catene della disperazione, impotenza e angoscia che ci legano. La questione principale \u00e8 come questa ricorrenza traspare? E \u2018esterna a noi o si trova in profondit\u00e0 all\u2019interno della nostra coscienza interna? Come la percepiamo e come e quando possiamo rompere il ciclo? Il tentativo di cambiare richiede l\u2019uso della violenza e provocazione, o \u00e8 la compassione, l\u2019accettazione e la pazienza che \u00e8 necessaria? Pu\u00f2 essere semplicemente una potente passione che \u00e8 informe e impossibile da imitare?<\/p>\n\n\n\n<p><em>When silencing us and frighten us, God forbid when we do not go with the flow \u2013 it is very dangerous. When lowering us down and creating a sense that what we do is worthless, meaningless and not relevant. There is no material reward, what we do is almost impossible. We have the body, the movement, we have colors and images, and we have ways to cover our opposing statement, but why? The situation is so chaotic it feels that we must speak clearly, without filters, without hiding. Is this my duty? As an artist, as a woman, as a creature, I fee trap, I feel like I am in a never-ending loop, everything repeats itself, it is inevitable! \u00a0as if we are insomniacs who are trapped by events that continue to chase us relentlessly (the same mistakes, the same failures, the same routine, the same choices, the same fears, the same emotional and physical pain). This repetition makes us feel mechanical, as if we were mere machines that have been programed to repeat the same routines time and again. This is followed by the fascinating moment that I focus on \u2013 the moment of breach and escape, in which only extreme actions can enable us to escape from the chains of despair, helplessness and distress that bind us. The main question is how this recurrence transpires? Is it external to us or situated deep within our internal consciousness? How do we perceive it and how and when can the cycle be broken, if at all? Does the attempt to change require use of violence and provocation, or is it compassion, acceptance and patience that is necessary? Can it simply be a powerful passion that is shapeless and impossible to imitate?<\/em><\/p>\n\n\n\n<figure class=\"wp-block-gallery columns-3 is-cropped wp-block-gallery-1 is-layout-flex wp-block-gallery-is-layout-flex\"><ul class=\"blocks-gallery-grid\"><li class=\"blocks-gallery-item\"><figure><a href=\"http:\/\/www.lamamaumbria.org\/wp-content\/uploads\/2021\/01\/1-2.jpg\"><img loading=\"lazy\" decoding=\"async\" width=\"309\" height=\"206\" src=\"http:\/\/www.lamamaumbria.org\/wp-content\/uploads\/2021\/01\/1-2.jpg\" alt=\"\" data-id=\"2194\" data-full-url=\"http:\/\/www.lamamaumbria.org\/wp-content\/uploads\/2021\/01\/1-2.jpg\" data-link=\"http:\/\/www.lamamaumbria.org\/?attachment_id=2194\" class=\"wp-image-2194\" srcset=\"http:\/\/www.lamamaumbria.org\/wp-content\/uploads\/2021\/01\/1-2.jpg 309w, http:\/\/www.lamamaumbria.org\/wp-content\/uploads\/2021\/01\/1-2-300x200.jpg 300w, http:\/\/www.lamamaumbria.org\/wp-content\/uploads\/2021\/01\/1-2-150x100.jpg 150w, http:\/\/www.lamamaumbria.org\/wp-content\/uploads\/2021\/01\/1-2-225x150.jpg 225w, http:\/\/www.lamamaumbria.org\/wp-content\/uploads\/2021\/01\/1-2-272x182.jpg 272w\" sizes=\"(max-width: 309px) 100vw, 309px\" \/><\/a><\/figure><\/li><li class=\"blocks-gallery-item\"><figure><a href=\"http:\/\/www.lamamaumbria.org\/wp-content\/uploads\/2021\/01\/1-B_U-768x514-1.jpg\"><img loading=\"lazy\" decoding=\"async\" width=\"768\" height=\"514\" src=\"http:\/\/www.lamamaumbria.org\/wp-content\/uploads\/2021\/01\/1-B_U-768x514-1.jpg\" alt=\"\" data-id=\"2195\" data-full-url=\"http:\/\/www.lamamaumbria.org\/wp-content\/uploads\/2021\/01\/1-B_U-768x514-1.jpg\" data-link=\"http:\/\/www.lamamaumbria.org\/?attachment_id=2195\" class=\"wp-image-2195\" srcset=\"http:\/\/www.lamamaumbria.org\/wp-content\/uploads\/2021\/01\/1-B_U-768x514-1.jpg 768w, http:\/\/www.lamamaumbria.org\/wp-content\/uploads\/2021\/01\/1-B_U-768x514-1-300x201.jpg 300w, http:\/\/www.lamamaumbria.org\/wp-content\/uploads\/2021\/01\/1-B_U-768x514-1-150x100.jpg 150w, http:\/\/www.lamamaumbria.org\/wp-content\/uploads\/2021\/01\/1-B_U-768x514-1-224x150.jpg 224w, http:\/\/www.lamamaumbria.org\/wp-content\/uploads\/2021\/01\/1-B_U-768x514-1-272x182.jpg 272w\" sizes=\"(max-width: 768px) 100vw, 768px\" \/><\/a><\/figure><\/li><li class=\"blocks-gallery-item\"><figure><a href=\"http:\/\/www.lamamaumbria.org\/wp-content\/uploads\/2021\/01\/EDEN-WISEMAN-copia-768x512-2.jpg\"><img loading=\"lazy\" decoding=\"async\" width=\"768\" height=\"512\" src=\"http:\/\/www.lamamaumbria.org\/wp-content\/uploads\/2021\/01\/EDEN-WISEMAN-copia-768x512-2.jpg\" alt=\"\" data-id=\"2196\" data-full-url=\"http:\/\/www.lamamaumbria.org\/wp-content\/uploads\/2021\/01\/EDEN-WISEMAN-copia-768x512-2.jpg\" data-link=\"http:\/\/www.lamamaumbria.org\/?attachment_id=2196\" class=\"wp-image-2196\" srcset=\"http:\/\/www.lamamaumbria.org\/wp-content\/uploads\/2021\/01\/EDEN-WISEMAN-copia-768x512-2.jpg 768w, http:\/\/www.lamamaumbria.org\/wp-content\/uploads\/2021\/01\/EDEN-WISEMAN-copia-768x512-2-300x200.jpg 300w, http:\/\/www.lamamaumbria.org\/wp-content\/uploads\/2021\/01\/EDEN-WISEMAN-copia-768x512-2-150x100.jpg 150w, http:\/\/www.lamamaumbria.org\/wp-content\/uploads\/2021\/01\/EDEN-WISEMAN-copia-768x512-2-225x150.jpg 225w, http:\/\/www.lamamaumbria.org\/wp-content\/uploads\/2021\/01\/EDEN-WISEMAN-copia-768x512-2-272x182.jpg 272w\" sizes=\"(max-width: 768px) 100vw, 768px\" \/><\/a><\/figure><\/li><li class=\"blocks-gallery-item\"><figure><a href=\"http:\/\/www.lamamaumbria.org\/wp-content\/uploads\/2021\/01\/0-1.jpg\"><img loading=\"lazy\" decoding=\"async\" width=\"638\" height=\"638\" src=\"http:\/\/www.lamamaumbria.org\/wp-content\/uploads\/2021\/01\/0-1.jpg\" alt=\"\" data-id=\"2197\" data-full-url=\"http:\/\/www.lamamaumbria.org\/wp-content\/uploads\/2021\/01\/0-1.jpg\" data-link=\"http:\/\/www.lamamaumbria.org\/?attachment_id=2197\" class=\"wp-image-2197\" srcset=\"http:\/\/www.lamamaumbria.org\/wp-content\/uploads\/2021\/01\/0-1.jpg 638w, http:\/\/www.lamamaumbria.org\/wp-content\/uploads\/2021\/01\/0-1-300x300.jpg 300w, http:\/\/www.lamamaumbria.org\/wp-content\/uploads\/2021\/01\/0-1-150x150.jpg 150w, http:\/\/www.lamamaumbria.org\/wp-content\/uploads\/2021\/01\/0-1-255x255.jpg 255w\" sizes=\"(max-width: 638px) 100vw, 638px\" \/><\/a><\/figure><\/li><\/ul><\/figure>\n\n\n\n<p><a href=\"http:\/\/www.lamamaspoletopen.net\/\">http:\/\/www.lamamaspoletopen.net\/<\/a><\/p>\n<p><\/p>","protected":false},"excerpt":{"rendered":"<p>1 luglio 2017 \u00a0CANTIERE OBERDAN \u00a0h. 21.302 luglio 2017 \u00a0Cantiere\u00a0Oberdan \u00a0h. 18.00 Created &nbsp;By&nbsp;Eden Wiseman&nbsp;(Israel)Performed by:&nbsp;Eden Wiseman&nbsp;and&nbsp;Alma LivneCo-creator and composer:&nbsp;Ori DvirSviluppato\/Development&nbsp;La MaMa Umbria Next Generation 2016 Con il sostegno dell\u2018Ufficio Culturale dell\u2018Ambasciata di Israele, RomaWith the support of&nbsp;Cultural&nbsp;Office&nbsp;of&nbsp;the&nbsp;Embassy&nbsp;of&nbsp;Israel, Rome \u201cQuando mi blocco, apro il mio armadio e indosso il mio\u2026<\/p>\n<p> <a class=\"continue-reading-link\" href=\"http:\/\/www.lamamaumbria.org\/?page_id=2187\"><span>Continue reading<\/span><i class=\"crycon-right-dir\"><\/i><\/a> <\/p>\n","protected":false},"author":3,"featured_media":0,"parent":0,"menu_order":0,"comment_status":"closed","ping_status":"closed","template":"","meta":{"footnotes":""},"_links":{"self":[{"href":"http:\/\/www.lamamaumbria.org\/index.php?rest_route=\/wp\/v2\/pages\/2187"}],"collection":[{"href":"http:\/\/www.lamamaumbria.org\/index.php?rest_route=\/wp\/v2\/pages"}],"about":[{"href":"http:\/\/www.lamamaumbria.org\/index.php?rest_route=\/wp\/v2\/types\/page"}],"author":[{"embeddable":true,"href":"http:\/\/www.lamamaumbria.org\/index.php?rest_route=\/wp\/v2\/users\/3"}],"replies":[{"embeddable":true,"href":"http:\/\/www.lamamaumbria.org\/index.php?rest_route=%2Fwp%2Fv2%2Fcomments&post=2187"}],"version-history":[{"count":1,"href":"http:\/\/www.lamamaumbria.org\/index.php?rest_route=\/wp\/v2\/pages\/2187\/revisions"}],"predecessor-version":[{"id":2198,"href":"http:\/\/www.lamamaumbria.org\/index.php?rest_route=\/wp\/v2\/pages\/2187\/revisions\/2198"}],"wp:attachment":[{"href":"http:\/\/www.lamamaumbria.org\/index.php?rest_route=%2Fwp%2Fv2%2Fmedia&parent=2187"}],"curies":[{"name":"wp","href":"https:\/\/api.w.org\/{rel}","templated":true}]}}