{"id":1269,"date":"2015-05-20T15:12:18","date_gmt":"2015-05-20T13:12:18","guid":{"rendered":"http:\/\/www.lamamaumbria.org\/?page_id=1269"},"modified":"2021-02-02T17:56:02","modified_gmt":"2021-02-02T16:56:02","slug":"edizione-2014","status":"publish","type":"page","link":"http:\/\/www.lamamaumbria.org\/?page_id=1269","title":{"rendered":"Edizione 2014"},"content":{"rendered":"<p><strong><a href=\"http:\/\/www.lamamaumbria.org\/wp-content\/uploads\/2015\/05\/la-mama-spoletopen-community.png\"><img loading=\"lazy\" decoding=\"async\" class=\"alignleft  wp-image-1271\" src=\"http:\/\/www.lamamaumbria.org\/wp-content\/uploads\/2015\/05\/la-mama-spoletopen-community-300x235.png\" alt=\"la mama spoletopen community\" width=\"264\" height=\"207\" srcset=\"http:\/\/www.lamamaumbria.org\/wp-content\/uploads\/2015\/05\/la-mama-spoletopen-community-300x235.png 300w, http:\/\/www.lamamaumbria.org\/wp-content\/uploads\/2015\/05\/la-mama-spoletopen-community-1024x803.png 1024w, http:\/\/www.lamamaumbria.org\/wp-content\/uploads\/2015\/05\/la-mama-spoletopen-community-150x118.png 150w, http:\/\/www.lamamaumbria.org\/wp-content\/uploads\/2015\/05\/la-mama-spoletopen-community.png 1772w\" sizes=\"(max-width: 264px) 100vw, 264px\" \/><\/a><span style=\"color: #a10d0d;\">La MaMa Spoleto Open EDIZIONE 2014<\/span><\/strong><\/p>\n<h3><span style=\"color: #a10d0d;\"><strong>THEATRE FOR SOCIAL CHANGE\u00a0AND COMMUNITY ENGAGEMENT<\/strong><\/span><\/h3>\n<p>Arriva il tempo in cui i miti ereditati dal passato perdono valore, non riescono pi\u00f9 a rappresentare le complessit\u00e0 della societ\u00e0 contemporanea, in continua trasformazione ed espansione. Sono necessari nuovi miti che aiutino a comprendere ci\u00f2 che stiamo diventando. Tutte le societ\u00e0, a livello globale, e quindi tutte le comunit\u00e0 di artisti, si trovano in una fase di enormi cambiamenti. Le rivoluzioni tecnologiche e finanziarie hanno completamente rivoluzionato il modo di comunicare, interagire, vivere e fare arte. Hanno trasformato il nostro codice etico e i valori che influenzano i nostri comportamenti. Occorre ridisegnare una nuova visione per il futuro. Accanto alle grandi difficolt\u00e0 e incertezze che si diffondono e perpetuano nel quotidiano, esiste la possibilit\u00e0 che emergano nuove strutture sociali, paradigmi alternativi e l&#8217;inclusione di valori culturali diversi. Ci troviamo in un momento che esige nuova creativit\u00e0. Di fronte al forte flusso di cambiamento, saranno gli artisti a creare un futuro vivibile attraverso la loro capacit\u00e0 di articolare nuove idee e mitologie.<\/p>\n<p><em>All societies, globally, are immersed in a time of tremendous change. The financial and technological revolutions have completely transformed the way people communicate, interact, live and make art. They have transformed our ethical codes and the values \u200b\u200bthat influence our private and social behavior. It in necessary to redesign a new vision for the future. Alongside the great difficulties and uncertainties that spread and perpetuated in everyday life, new possibilities arising for the development of innovative social structures, alternative paradigms and the inclusion of different cultural values. We are in a time that calls for new creativity. Faced with such strong flow of change, the artists can help create a livable future through their ability to articulate new ideas and mythologies.<\/em><br \/>\n<em>\u00a0 \u00a0 \u00a0 \u00a0 \u00a0 \u00a0 \u00a0 \u00a0 \u00a0 \u00a0 \u00a0 \u00a0 \u00a0 \u00a0 \u00a0 \u00a0 \u00a0 \u00a0 \u00a0 \u00a0 \u00a0 \u00a0 \u00a0 \u00a0 \u00a0 \u00a0 \u00a0 \u00a0 \u00a0 \u00a0 \u00a0 \u00a0 \u00a0 \u00a0 \u00a0 \u00a0 \u00a0 \u00a0 \u00a0 \u00a0 \u00a0 \u00a0 \u00a0 \u00a0 \u00a0 \u00a0La MaMa Umbria International<\/em><\/p>\n<h2><strong>PROGRAMMA<\/strong><\/h2>\n<p><strong>29 giugno ore 21.00 \u00a0&#8211;\u00a0 30 giugno ore 19.00 &#8211; Cantiere Oberdan<br \/>\n<\/strong><strong><a title=\"The Presence of Absence \u2013 DAH Theatre (Serbia)\" href=\"http:\/\/www.lamamaspoletopen.net\/edizione-2014\/the-presence-of-absence-dah-theatre-serbia\/\" target=\"_blank\" rel=\"noopener\">THE PRESENCE OF ABSENCE (La presenza dell\u2019assenza)<br \/>\n<\/a><\/strong><strong>DAH THEATRE (Serbia)<\/strong><\/p>\n<p><strong>1 luglio ore 21.00, Teatro Romano<br \/>\n<\/strong><strong><a title=\"WEATHER, un oratorio drammatico\" href=\"http:\/\/www.lamamaspoletopen.net\/edizione-2014\/weather-un-oratorio-drammatico\/\">WEATHER, un oratorio drammatico<\/a>\u00a0<em><br \/>\n<\/em><\/strong><strong>LIZ SWADOS (USA) \/ Ass. BISSE (ITA)<\/strong><\/p>\n<p><strong>5 luglio ore 10.00, Cantiere Oberdan<br \/>\n<\/strong><strong>FUNDRAISING E FINANZIAMENTI EUROPEI:\u00a0Prospettive e opportunit\u00e0 per la raccolta fondi per la cultura<br \/>\n<\/strong><strong>INCONTRO PUBBLICO\u00a0<\/strong>a cura di\u00a0<strong>ASSIF<\/strong>\u00a0(Associazione Italiana Fundraiser) Milano, in collaborazione con\u00a0<strong>NOESIS\u00a0<\/strong>di Foligno<\/p>\n<p><strong>9 luglio ore 21.00 &#8211; 10 luglio ore 17.00, Teatro San Nicol\u00f2<br \/>\n<\/strong><strong><a title=\"DISCOVER LOVER\" href=\"http:\/\/www.lamamaspoletopen.net\/edizione-2014\/discover-lover\/\" target=\"_blank\" rel=\"noopener\">DISCOVER LOVE<br \/>\n<\/a><\/strong><strong>BELARUS FREE THEATRE (BLR)<br \/>\n<\/strong><strong>Evento speciale dedicato alla memoria di Vincenzo Cerami<br \/>\n<\/strong><em>Compagnia vincitrice del\u00a0<strong>Premio Impatto Totale<\/strong>, assegnato dall\u2019I<strong>stituto Italiano di Cultura<\/strong>, durante il Festival di Edimburgo 2013<\/em><\/p>\n<p><strong>11 luglio ore 10.00, Complesso San Nicol\u00f2<br \/>\n<\/strong><strong><a title=\"Convegno: Il teatro per il Cambiamento sociale e lo sviluppo\" href=\"http:\/\/www.lamamaspoletopen.net\/edizione-2014\/convegno-il-teatro-per-il-cambiamento-sociale-e-lo-sviluppo\/\" target=\"_blank\" rel=\"noopener\">IL TEATRO PER IL CAMBIAMENTO SOCIALE E LO SVILUPPO DEI TERRITORI<br \/>\n<\/a><\/strong>Convegno a cura de\u00a0<strong>La MaMa Umbria<\/strong>\u00a0in collaborazione con la rete PAIR\u00a0(Performing Art in Residence)<\/p>\n<blockquote class=\"wp-embedded-content\" data-secret=\"h5fNNmDOVy\"><p><a href=\"http:\/\/www.lamamaspoletopen.net\/archivio\/edizione-2014\/\">EDIZIONE 2014<\/a><\/p><\/blockquote>\n<p><iframe class=\"wp-embedded-content\" sandbox=\"allow-scripts\" security=\"restricted\" style=\"position: absolute; clip: rect(1px, 1px, 1px, 1px);\" title=\"&#8220;EDIZIONE 2014&#8221; &#8212; \" src=\"http:\/\/www.lamamaspoletopen.net\/archivio\/edizione-2014\/embed\/#?secret=h5fNNmDOVy\" data-secret=\"h5fNNmDOVy\" width=\"600\" height=\"338\" frameborder=\"0\" marginwidth=\"0\" marginheight=\"0\" scrolling=\"no\"><\/iframe><\/p>\n<p><\/p>","protected":false},"excerpt":{"rendered":"<p>La MaMa Spoleto Open EDIZIONE 2014 THEATRE FOR SOCIAL CHANGE\u00a0AND COMMUNITY ENGAGEMENT Arriva il tempo in cui i miti ereditati dal passato perdono valore, non riescono pi\u00f9 a rappresentare le complessit\u00e0 della societ\u00e0 contemporanea, in continua trasformazione ed espansione. Sono necessari nuovi miti che aiutino a comprendere ci\u00f2 che stiamo\u2026<\/p>\n<p> <a class=\"continue-reading-link\" href=\"http:\/\/www.lamamaumbria.org\/?page_id=1269\"><span>Continue reading<\/span><i class=\"crycon-right-dir\"><\/i><\/a> <\/p>\n","protected":false},"author":1,"featured_media":0,"parent":310,"menu_order":0,"comment_status":"closed","ping_status":"open","template":"","meta":{"footnotes":""},"_links":{"self":[{"href":"http:\/\/www.lamamaumbria.org\/index.php?rest_route=\/wp\/v2\/pages\/1269"}],"collection":[{"href":"http:\/\/www.lamamaumbria.org\/index.php?rest_route=\/wp\/v2\/pages"}],"about":[{"href":"http:\/\/www.lamamaumbria.org\/index.php?rest_route=\/wp\/v2\/types\/page"}],"author":[{"embeddable":true,"href":"http:\/\/www.lamamaumbria.org\/index.php?rest_route=\/wp\/v2\/users\/1"}],"replies":[{"embeddable":true,"href":"http:\/\/www.lamamaumbria.org\/index.php?rest_route=%2Fwp%2Fv2%2Fcomments&post=1269"}],"version-history":[{"count":3,"href":"http:\/\/www.lamamaumbria.org\/index.php?rest_route=\/wp\/v2\/pages\/1269\/revisions"}],"predecessor-version":[{"id":2406,"href":"http:\/\/www.lamamaumbria.org\/index.php?rest_route=\/wp\/v2\/pages\/1269\/revisions\/2406"}],"up":[{"embeddable":true,"href":"http:\/\/www.lamamaumbria.org\/index.php?rest_route=\/wp\/v2\/pages\/310"}],"wp:attachment":[{"href":"http:\/\/www.lamamaumbria.org\/index.php?rest_route=%2Fwp%2Fv2%2Fmedia&parent=1269"}],"curies":[{"name":"wp","href":"https:\/\/api.w.org\/{rel}","templated":true}]}}