{"id":1127,"date":"2015-04-02T15:51:57","date_gmt":"2015-04-02T13:51:57","guid":{"rendered":"http:\/\/www.lamamaumbria.org\/?page_id=1127"},"modified":"2015-06-21T17:22:26","modified_gmt":"2015-06-21T15:22:26","slug":"simposio-internazionale-per-registi-2015","status":"publish","type":"page","link":"http:\/\/www.lamamaumbria.org\/?page_id=1127","title":{"rendered":"Simposio Internazionale per Registi 2015"},"content":{"rendered":"<h2 style=\"text-align: center;\"><img loading=\"lazy\" decoding=\"async\" class=\"alignnone  wp-image-1120\" src=\"http:\/\/www.lamamaumbria.org\/wp-content\/uploads\/2015\/04\/testata-nuov-1-300x113.jpg\" alt=\"testata nuov 1\" width=\"462\" height=\"174\" \/><\/h2>\n<h2 style=\"text-align: center;\"><b>SIMPOSIO INTERNAZIONALE SULLA REGIA<\/b><\/h2>\n<p style=\"text-align: left;\">Il Simposio Internazionale per Registi \u00e8 un programma di alta formazione per Registi professionisti, Coreografi e Attori . Artisti e Registi del mondo teatrale di fama internazionale condurranno workshop, lezioni e dimostrazioni . \u00a0Durante il Simposio i partecipanti saranno immersi in\u00a0una diversa variet\u00e0 di prospettive teatrali , da docenti che amplieranno il loro senso di ci\u00f2 che \u00e8 possibile fare nel teatro . I registi presenti al Simposio potranno vedere come altri artisti di spicco della scena internazionale creano le loro produzioni. I workshop sono partecipativi ed immersivi, e tutti i partecipanti sono invitati a impegnarsi attivamente nei processi di lavoro dei vari insegnanti. \u00a0Durante il simposio, i partecipanti visiteranno citt\u00e0 umbre come Orvieto, Perugia o Assisi per assaporare l\u2019arte e la cultura Umbra. Nel periodo di soggiorno sono inclusi spettacoli a diversi festival e a sagre popolane Umbre. \u00a0Inoltre, i partecipanti possono anche tenere propri laboratori per condividere idee e tecniche con i loro colleghi .<\/p>\n<hr \/>\n<h2 style=\"text-align: center;\"><a title=\"Simposio Internazionale sulla regia \u2013 PRIMA SESSIONE (27 giugno-11 luglio)\" href=\"http:\/\/www.lamamaumbria.org\/?page_id=1014\" target=\"_blank\"><b>PRIMA SESSIONE 27 Giugno &#8211; 11 Luglio<\/b><\/a><\/h2>\n<p style=\"text-align: center;\"><strong>Stephan Koplowitz (USA)\u00a0<span style=\"color: #b00c0c;\">L\u2019OCCHIO DEL REGISTA SITE SPECIFIC<\/span><\/strong><br \/>\n<strong>Claudia Castellucci (ITALIA) &#8211;\u00a0<span style=\"color: #b00c0c;\"><i><span style=\"color: #b00c0c;\">TEORIA DELLO SFONDO<br \/>\n<span style=\"color: #000000;\">OH Tae-Suk (KOREA)<\/span> \u2013\u00a0<\/span><\/i><\/span><\/strong><strong><span style=\"color: #b00c0c;\"><i><span style=\"color: #b00c0c;\"><i><span style=\"color: #b00c0c;\">Shakespeare\u00a0NELLA METODOLOGIA\u00a0TEATRALE COREANA<br \/>\n<span style=\"color: #000000;\">Tina Landau (USA)<\/span>\u00a0<i><span style=\"color: #b00c0c;\">VIEWPOINTS (PUNTI DI VISTA)\u00a0PER LE NUOVE GENERAZIONI<\/span><\/i><\/span><\/i><\/span><\/i><\/span><\/strong><a title=\"Simposio Internazionale sulla regia \u2013 PRIMA SESSIONE (27 giugno-11 luglio)\" href=\"http:\/\/www.lamamaumbria.org\/?page_id=1014\" target=\"_blank\"><strong><span style=\"color: #b00c0c;\"><i><span style=\"color: #b00c0c;\"><br \/>\n<\/span><\/i><\/span><\/strong><\/a><\/p>\n<hr \/>\n<h2 style=\"text-align: center;\"><a title=\"Simposio Internazionale sulla Regia \u2013 SECONDA SESSIONE (13 \u2013 27 luglio)\" href=\"http:\/\/www.lamamaumbria.org\/?page_id=1019\" target=\"_blank\"><b>SECONDA\u00a0SESSIONE 13\u00a0Luglio &#8211; 27\u00a0Luglio<\/b><\/a><\/h2>\n<p style=\"text-align: center;\"><strong><span style=\"color: #000000;\">Kok Heng Leun (SINGAPORE)<\/span>\u00a0<span style=\"color: #b00c0c;\">LA REGIA IN\u00a0AMBITO\u00a0MULTICULTURALE<\/span><\/strong><br \/>\n<strong><span style=\"color: #b00c0c;\"><i><span style=\"color: #b00c0c;\"><span style=\"color: #000000;\">Mohammad B. Ghaffari (IRAN)<\/span> \u2013\u00a0IL TEATRO NELLA SUA\u00a0FORMA ESSENZIALE<br \/>\n<span style=\"color: #000000;\">Sergei Tcherkasski (RUSSIA)<\/span> \u2013\u00a0LA SCUOLA RUSSA DI REGIA:\u00a0ANALISI ATTRAVERSO L\u2019AZIONE<br \/>\n<span style=\"color: #000000;\">Brett Bailey (SOUTH AFRICA)<\/span> &#8211;\u00a0<\/span><\/i><\/span><\/strong><strong><span style=\"color: #b00c0c;\"><i><span style=\"color: #b00c0c;\"><i><span style=\"color: #b00c0c;\">DISORIENTARE IL PUBBLICO\u00a0<\/span><\/i><\/span><\/i><\/span><\/strong><a title=\"Simposio Internazionale sulla Regia \u2013 SECONDA SESSIONE (13 \u2013 27 luglio)\" href=\"http:\/\/www.lamamaumbria.org\/?page_id=1019\" target=\"_blank\"><strong><span style=\"color: #b00c0c;\"><i><span style=\"color: #b00c0c;\"><i><span style=\"color: #b00c0c;\"><br \/>\n<\/span><\/i><\/span><\/i><\/span><\/strong><\/a><\/p>\n<hr \/>\n<h3 style=\"text-align: center;\"><strong>SI ACCETTANO LE DOMANDE<\/strong><br \/>\nScadenza: 15 maggio\u00a02015<br \/>\n<a href=\"http:\/\/lamama.org\/umbria-15-application-form-directors-symposium\/\" target=\"_blank\">ISCRIZIONI<br \/>\n<\/a>Ulteriori informazioni sul sito\u00a0<a href=\"http:\/\/lamama.org\/umbria-15-application-form-directors-symposium\/\" target=\"_blank\">LaMaMa di New York<\/a><\/h3>\n<p><\/p>","protected":false},"excerpt":{"rendered":"<p>SIMPOSIO INTERNAZIONALE SULLA REGIA Il Simposio Internazionale per Registi \u00e8 un programma di alta formazione per Registi professionisti, Coreografi e Attori . Artisti e Registi del mondo teatrale di fama internazionale condurranno workshop, lezioni e dimostrazioni . \u00a0Durante il Simposio i partecipanti saranno immersi in\u00a0una diversa variet\u00e0 di prospettive teatrali\u2026<\/p>\n<p> <a class=\"continue-reading-link\" href=\"http:\/\/www.lamamaumbria.org\/?page_id=1127\"><span>Continue reading<\/span><i class=\"crycon-right-dir\"><\/i><\/a> <\/p>\n","protected":false},"author":1,"featured_media":1120,"parent":0,"menu_order":0,"comment_status":"closed","ping_status":"closed","template":"","meta":{"footnotes":""},"_links":{"self":[{"href":"http:\/\/www.lamamaumbria.org\/index.php?rest_route=\/wp\/v2\/pages\/1127"}],"collection":[{"href":"http:\/\/www.lamamaumbria.org\/index.php?rest_route=\/wp\/v2\/pages"}],"about":[{"href":"http:\/\/www.lamamaumbria.org\/index.php?rest_route=\/wp\/v2\/types\/page"}],"author":[{"embeddable":true,"href":"http:\/\/www.lamamaumbria.org\/index.php?rest_route=\/wp\/v2\/users\/1"}],"replies":[{"embeddable":true,"href":"http:\/\/www.lamamaumbria.org\/index.php?rest_route=%2Fwp%2Fv2%2Fcomments&post=1127"}],"version-history":[{"count":7,"href":"http:\/\/www.lamamaumbria.org\/index.php?rest_route=\/wp\/v2\/pages\/1127\/revisions"}],"predecessor-version":[{"id":1382,"href":"http:\/\/www.lamamaumbria.org\/index.php?rest_route=\/wp\/v2\/pages\/1127\/revisions\/1382"}],"wp:featuredmedia":[{"embeddable":true,"href":"http:\/\/www.lamamaumbria.org\/index.php?rest_route=\/wp\/v2\/media\/1120"}],"wp:attachment":[{"href":"http:\/\/www.lamamaumbria.org\/index.php?rest_route=%2Fwp%2Fv2%2Fmedia&parent=1127"}],"curies":[{"name":"wp","href":"https:\/\/api.w.org\/{rel}","templated":true}]}}