{"id":1030,"date":"2015-03-17T11:53:30","date_gmt":"2015-03-17T10:53:30","guid":{"rendered":"http:\/\/www.lamamaumbria.org\/?page_id=1030"},"modified":"2015-06-21T17:27:05","modified_gmt":"2015-06-21T15:27:05","slug":"film-acting","status":"publish","type":"page","link":"http:\/\/www.lamamaumbria.org\/?page_id=1030","title":{"rendered":"FILM ACTING (24-28 Agosto)"},"content":{"rendered":"<h2 style=\"text-align: center;\"><img loading=\"lazy\" decoding=\"async\" class=\"alignnone  wp-image-1124\" src=\"http:\/\/www.lamamaumbria.org\/wp-content\/uploads\/2015\/04\/testata-nuov-5-300x113.jpg\" alt=\"testata nuov 5\" width=\"462\" height=\"174\" srcset=\"http:\/\/www.lamamaumbria.org\/wp-content\/uploads\/2015\/04\/testata-nuov-5-300x113.jpg 300w, http:\/\/www.lamamaumbria.org\/wp-content\/uploads\/2015\/04\/testata-nuov-5-1024x384.jpg 1024w, http:\/\/www.lamamaumbria.org\/wp-content\/uploads\/2015\/04\/testata-nuov-5.jpg 1200w\" sizes=\"(max-width: 462px) 100vw, 462px\" \/><br \/>\n<b>FILM ACTING<br \/>\n<\/b><strong>24-28 Agosto 2015<\/strong><\/h2>\n<h2 style=\"text-align: center;\"><strong><i>Condotto da <span style=\"color: #991818;\">JOHN STRASBERG<\/span><br \/>\n<\/i><\/strong><\/h2>\n<p style=\"text-align: justify;\">Qual \u00e8 la caratteristica di un artista? Cosa rende un attore creativo al di l\u00e0 della tecnica? La risposta \u00e8 profondamente semplice, \u00e8 la capacit\u00e0 di essere ispirato, in modo tale da riuscire a vivere spontaneamente la vita del personaggio, nel contesto dell&#8217;opera teatrale o\u00a0cinematografica. I pensieri reali sono semplici, personali, profondi, provengono da ci\u00f2 che si sente e prova. Sono spontanei. Non sono &#8220;giusti&#8221;\u00a0o\u00a0intellettualizzati\u00a0e\u00a0meccanici. Riconoscendo questa differenza, si comincia a pensare come un essere umano e a mettersi nei panni del personaggio.<\/p>\n<p style=\"text-align: justify;\"><span style=\"text-decoration: underline;\"><b><img loading=\"lazy\" decoding=\"async\" class=\"alignleft size-medium wp-image-1166\" src=\"http:\/\/www.lamamaumbria.org\/wp-content\/uploads\/2015\/03\/john-medium1-225x300.jpg\" alt=\"john medium\" width=\"225\" height=\"300\" srcset=\"http:\/\/www.lamamaumbria.org\/wp-content\/uploads\/2015\/03\/john-medium1-225x300.jpg 225w, http:\/\/www.lamamaumbria.org\/wp-content\/uploads\/2015\/03\/john-medium1.jpg 709w\" sizes=\"(max-width: 225px) 100vw, 225px\" \/>John Strasberg <\/b><\/span>Nella sua carriera internazionale come attore, regista, produttore e scrittore, porta avanti la tradizione artistica della famiglia Strasberg. Le sue intuizioni e scoperte rivoluzionarie nella didattica gli permettono di definire quello che lui chiama il Processo Creativo Organico, superando i metodi dei grandi maestri che lo precedono e rendendolo uno degli artisti di teatro pi\u00f9 importante della sua generazione. Dopo 12 anni lavorando in Europa come regista e insegnante, torna a New York nel 1996, dove dirige molti spettacoli, co-fonda la Mirror Repertory Company, crea l\u2019Accidental Repertory Theater e la sua scuola, la John Strasberg Studios, un Centro Internazionale di ricerca teatrale e sviluppo creativo nella quale forma attori di tutto il mondo.<\/p>\n<p style=\"text-align: justify;\">John Strasberg \u00e8 il pi\u00f9 grande maestro vivente della scuola realista americana e insegna in numerosi paesi: al National Theatre di Londra, al Centro Dramatico di Madrid in Spagna, al Teatro Nacional di Buenos Aires in Argentina, al National Film Board in Canada, in Francia, Italia, Germania, Norvegia, Inghilterra e Per\u00f9.\u00a0Al momento John Strasberg \u00e8 impegnato nel montaggio del suo ultimo film dal titolo provvisorio\u00a0Adams&#8217; Apples at 555 basato sull&#8217;opera teatrale da lui scritta\u00a0(Adams&#8217; Apples\u00a0) che \u00e8 stata messa in scena a New York nel 2011 dalla sua compagnia\u00a0Accidental Repertory \u00a0presso il rinomato Living Theater .<\/p>\n<hr \/>\n<p style=\"text-align: justify;\"><strong>Per informazioni e iscrizioni:<\/strong><br \/>\n<span style=\"font-family: 'Trebuchet MS';\">Giovanni Morassutti 347 17 04 727 &#8211; \u00a0<\/span><span style=\"font-family: 'Trebuchet MS';\"><a href=\"mailto:giovannimorassutti@hotmail.com\" target=\"_blank\">giovannimorassutti@hotmail.com<br \/>\n<\/a>La MaMa Umbria International &#8211; <a href=\"mailto:%20lamamaumbria@hotmail.com\">lamamaumbria@hotmail.com\u00a0<\/a><\/span><\/p>\n<p><\/p>","protected":false},"excerpt":{"rendered":"<p>FILM ACTING 24-28 Agosto 2015 Condotto da JOHN STRASBERG Qual \u00e8 la caratteristica di un artista? Cosa rende un attore creativo al di l\u00e0 della tecnica? La risposta \u00e8 profondamente semplice, \u00e8 la capacit\u00e0 di essere ispirato, in modo tale da riuscire a vivere spontaneamente la vita del personaggio, nel\u2026<\/p>\n<p> <a class=\"continue-reading-link\" href=\"http:\/\/www.lamamaumbria.org\/?page_id=1030\"><span>Continue reading<\/span><i class=\"crycon-right-dir\"><\/i><\/a> <\/p>\n","protected":false},"author":1,"featured_media":1124,"parent":0,"menu_order":0,"comment_status":"closed","ping_status":"open","template":"","meta":{"footnotes":""},"_links":{"self":[{"href":"http:\/\/www.lamamaumbria.org\/index.php?rest_route=\/wp\/v2\/pages\/1030"}],"collection":[{"href":"http:\/\/www.lamamaumbria.org\/index.php?rest_route=\/wp\/v2\/pages"}],"about":[{"href":"http:\/\/www.lamamaumbria.org\/index.php?rest_route=\/wp\/v2\/types\/page"}],"author":[{"embeddable":true,"href":"http:\/\/www.lamamaumbria.org\/index.php?rest_route=\/wp\/v2\/users\/1"}],"replies":[{"embeddable":true,"href":"http:\/\/www.lamamaumbria.org\/index.php?rest_route=%2Fwp%2Fv2%2Fcomments&post=1030"}],"version-history":[{"count":7,"href":"http:\/\/www.lamamaumbria.org\/index.php?rest_route=\/wp\/v2\/pages\/1030\/revisions"}],"predecessor-version":[{"id":1388,"href":"http:\/\/www.lamamaumbria.org\/index.php?rest_route=\/wp\/v2\/pages\/1030\/revisions\/1388"}],"wp:featuredmedia":[{"embeddable":true,"href":"http:\/\/www.lamamaumbria.org\/index.php?rest_route=\/wp\/v2\/media\/1124"}],"wp:attachment":[{"href":"http:\/\/www.lamamaumbria.org\/index.php?rest_route=%2Fwp%2Fv2%2Fmedia&parent=1030"}],"curies":[{"name":"wp","href":"https:\/\/api.w.org\/{rel}","templated":true}]}}